 the prime factors of 330861.
3, 29, 3803
List the prime factors of 9552285.
3, 5, 79, 2687
What are the prime factors of 251699?
7, 41, 877
What are the prime factors of 300516?
2, 3, 79, 317
What are the prime factors of 846063?
3, 94007
What are the prime factors of 325694?
2, 162847
List the prime factors of 1005636.
2, 3, 181, 463
List the prime factors of 33095415.
3, 5, 997, 2213
List the prime factors of 3749374.
2, 463, 4049
List the prime factors of 254438.
2, 127219
List the prime factors of 201837.
3, 19, 3541
What are the prime factors of 16239994?
2, 8119997
What are the prime factors of 105046?
2, 53, 991
List the prime factors of 189269.
47, 4027
What are the prime factors of 937144?
2, 13, 9011
What are the prime factors of 168192?
2, 3, 73
What are the prime factors of 3560378?
2, 17, 104717
List the prime factors of 226442.
2, 19, 59, 101
What are the prime factors of 9572095?
5, 13, 147263
What are the prime factors of 1945605?
3, 5, 129707
What are the prime factors of 3694125?
3, 5, 9851
What are the prime factors of 4778961?
3, 11, 144817
List the prime factors of 3875439.
3, 17, 75989
What are the prime factors of 32153?
11, 37, 79
List the prime factors of 686922.
2, 3, 114487
List the prime factors of 2332640.
2, 5, 61, 239
What are the prime factors of 5157093?
3, 293, 5867
What are the prime factors of 178987?
178987
What are the prime factors of 11588126?
2, 11, 526733
What are the prime factors of 1865398?
2, 233, 4003
What are the prime factors of 24559?
41, 599
What are the prime factors of 1441587?
3, 7, 19, 3613
List the prime factors of 2658742.
2, 1329371
What are the prime factors of 92535?
3, 5, 31, 199
List the prime factors of 1350035.
5, 193, 1399
List the prime factors of 2098901.
7, 299843
What are the prime factors of 136326?
2, 3, 22721
What are the prime factors of 301297?
503, 599
What are the prime factors of 195626?
2, 97813
List the prime factors of 226028.
2, 11, 467
List the prime factors of 1471670.
2, 5, 367, 401
List the prime factors of 9606895.
5, 353, 5443
What are the prime factors of 6248414?
2, 173, 18059
What are the prime factors of 777756?
2, 3, 7, 47, 197
What are the prime factors of 171836?
2, 7, 17, 19
List the prime factors of 20188449.
3, 2243161
List the prime factors of 6318131.
6318131
What are the prime factors of 79198?
2, 7, 5657
List the prime factors of 267085.
5, 7, 13, 587
List the prime factors of 31535.
5, 7, 17, 53
What are the prime factors of 7192196?
2, 11, 223, 733
List the prime factors of 10399779.
3, 13, 29629
What are the prime factors of 1364249?
113, 12073
What are the prime factors of 1477972?
2, 19, 19447
What are the prime factors of 583870?
2, 5, 7, 19, 439
List the prime factors of 132522.
2, 3, 13, 1699
What are the prime factors of 2251517?
2251517
List the prime factors of 1198232.
2, 7, 21397
What are the prime factors of 727?
727
What are the prime factors of 1469559?
3, 7, 13, 769
What are the prime factors of 17416595?
5, 7, 41, 53, 229
List the prime factors of 897087.
3, 299029
What are the prime factors of 6886?
2, 11, 313
List the prime factors of 1190836.
2, 463, 643
What are the prime factors of 330022?
2, 7, 11, 2143
List the prime factors of 14790403.
23, 643061
List the prime factors of 103870.
2, 5, 13, 17, 47
List the prime factors of 1963390.
2, 5, 11, 13, 1373
What are the prime factors of 194144?
2, 6067
What are the prime factors of 744995?
5, 37, 4027
What are the prime factors of 9499466?
2, 269, 17657
What are the prime factors of 14646816?
2, 3, 50857
What are the prime factors of 860181?
3, 7, 40961
List the prime factors of 40900158.
2, 3, 13, 277, 631
List the prime factors of 488051.
488051
List the prime factors of 277729.
17, 31
What are the prime factors of 8722295?
5, 643, 2713
List the prime factors of 1216334.
2, 7, 283, 307
List the prime factors of 2377994.
2, 17, 69941
List the prime factors of 3629.
19, 191
What are the prime factors of 336162?
2, 3, 179, 313
List the prime factors of 19887282.
2, 3, 122761
What are the prime factors of 143064?
2, 3, 1987
List the prime factors of 112281.
3, 13, 2879
What are the prime factors of 2112451?
11, 181, 1061
What are the prime factors of 1206175?
5, 48247
List the prime factors of 544960.
2, 5, 13, 131
List the prime factors of 33376.
2, 7, 149
What are the prime factors of 129120?
2, 3, 5, 269
List the prime factors of 13247845.
5, 13, 17, 19, 631
List the prime factors of 1101398.
2, 47, 11717
What are the prime factors of 37024?
2, 13, 89
List the prime factors of 1356331.
1356331
What are the prime factors of 3712804?
2, 631, 1471
List the prime factors of 222264.
2, 3, 7
List the prime factors of 4278659.
7, 11, 181, 307
What are the prime factors of 326590?
2, 5, 11, 2969
List the prime factors of 11671895.
5, 1289, 1811
What are the prime factors of 322946?
2, 13, 12421
List the prime factors of 816384.
2, 3, 1063
What are the prime factors of 31040675?
5, 1241627
List the prime factors of 770494.
2, 191, 2017
What are the prime factors of 290347?
290347
List the prime factors of 3044264.
2, 380533
What are the prime factors of 3937947?
3, 13, 37, 2729
What are the prime factors of 26516948?
2, 6629237
What are the prime factors of 1421452?
2, 355363
What are the prime factors of 277660?
2, 5, 13883
List the prime factors of 1333599.
3, 17, 79, 331
What are the prime factors of 19306206?
2, 3, 1009, 1063
What are the prime factors of 94252?
2, 23563
What are the prime factors of 4360455?
3, 5, 11, 23, 383
What are the prime factors of 551826?
2, 3, 11, 929
What are the prime factors of 9159407?
47, 53, 3677
What are the prime factors of 577167?
3, 17, 11317
What are the prime factors of 968038?
2, 484019
What are the prime factors of 732903?
3, 244301
List the prime factors of 1416981.
3, 283, 1669
What are the prime factors of 26651393?
17, 1567729
What are the prime factors of 195381?
3, 17, 1277
List the prime factors of 1946627.
1946627
What are the prime factors of 640603?
751, 853
List the prime factors of 4372337.
19, 230123
What are the prime factors of 19416067?
11, 79, 22343
What are the prime factors of 428477?
7, 61211
List the prime factors of 22786362.
2, 3, 1265909
What are the prime factors of 740032?
2, 31, 373
What are the prime factors of 156867?
3, 52289
List the prime factors of 1851459.
3, 617153
List the prime factors of 147509.
17, 8677
What are the prime factors of 1994502?
2, 3, 332417
List the prime factors of 9924619.
31, 320149
List the prime factors of 39807.
3, 4423
List the prime factors of 1007437.
17, 19, 3119
List the prime factors of 1238713.
7, 311, 569
List the prime factors of 108945.
3, 5, 269
What are the prime factors of 3276686?
2, 7, 43, 5443
List the prime factors of 6174170.
2, 5, 509, 1213
List the prime factors of 251907.
3, 83969
List the prime factors of 6312632.
2, 113, 6983
What are the prime factors of 2321123?
7, 331589
What are the prime factors of 669533?
409, 1637
What are the prime factors of 6301871?
73, 173, 499
What are the prime factors of 362071?
41, 8831
What are the prime factors of 2480847?
3, 311, 2659
What are the prime factors of 2251130?
2, 5, 7, 32159
List the prime factors of 88648.
2, 7, 1583
List the prime factors of 4442105.
5, 19, 23, 107
What are the prime factors of 237436?
2, 59359
List the prime factors of 275672.
2, 17, 2027
What are the prime factors of 578977?
7, 107, 773
What are the prime factors of 3001011?
3, 13, 76949
List the prime factors of 889523.
19, 46817
What are the prime factors of 115899?
3, 7, 5519
List the prime factors of 12799105.
5, 11, 232711
What are the prime factors of 14195516?
2, 3548879
List the prime factors of 24032096.
2, 11, 67, 1019
List the prime factors of 242200.
2, 5, 7, 173
What are the prime factors of 264848?
2, 16553
What are the prime factors of 181968?
2, 3, 17, 223
What are the prime factors of 34177194?
2, 3, 632911
What are the prime factors of 2398329?
3, 29, 1021
List the prime factors of 6312587.
59, 106993
List the prime factors of 405301.
13, 31177
What are the prime factors of 1275330?
2, 3, 5, 7, 6073
List the prime factors of 417009.
3, 229, 607
What are the prime factors of 83286?
2, 3, 7, 661
What are the prime facto